{"id":12,"date":"2017-02-10T18:26:06","date_gmt":"2017-02-10T17:26:06","guid":{"rendered":"http:\/\/www.femciutatvella.com\/?page_id=12"},"modified":"2017-12-17T10:11:11","modified_gmt":"2017-12-17T09:11:11","slug":"proyecto","status":"publish","type":"page","link":"https:\/\/www.femciutatvella.com\/ca\/proyecto\/","title":{"rendered":"PROJECTE"},"content":{"rendered":"<p><strong><u>Objectiu<\/u><\/strong><\/p>\n<p><strong>L&#8217;objectiu principal \u00e9s el benefici de l&#8217;inter\u00e8s col\u00b7lectiu sent un projecte transparent i d&#8217;inter\u00e8s ciutad\u00e0 mitjan\u00e7ant la presentaci\u00f3 d&#8217;iniciatives d&#8217;acord amb les necessitats i realitat social existents.<\/strong><\/p>\n<p><strong>L&#8217;actual situaci\u00f3 del districte de CIUTAT VELLA exigeix \u200b\u200bque TOTS ens impliquem en aquest projecte per assolir l&#8217;objectiu proposat.<\/strong><\/p>\n<p><strong>En aquest sentit:<\/strong><\/p>\n<p style=\"padding-left: 30px;\"><strong>a- Tant la direcci\u00f3 com el contingut de les reivindicacions, exig\u00e8ncies, sol\u00b7licituds i necessitats estaran recolzades per la persona o persones creadores de la mateixa i que procediran a la seva exposici\u00f3, argumentari i explicaci\u00f3.<\/strong><\/p>\n<p style=\"padding-left: 30px;\"><strong>Aquesta acci\u00f3 pot ser duta a terme per membres de la plataforma pr\u00e8via comunicaci\u00f3 per escrit de l&#8217;interessat i acceptaci\u00f3 de la mateixa per part de la plataforma.<\/strong><\/p>\n<p style=\"padding-left: 30px;\"><strong>b- Tot plantejament presentat ser\u00e0 exigible a qui se li dirigeixin els projectes per entendre que \u00e9s un dret que ha de ser at\u00e8s.<\/strong><\/p>\n<p style=\"padding-left: 30px;\"><strong>c Transpar\u00e8ncia .: els projectes tindran la clara intenci\u00f3 d&#8217;afavorir els interessos de la ciutadania en general, no sent de consideraci\u00f3 aquells projectes que busquin afavorir interessos particulars o que suposin un perjudici.<\/strong><\/p>\n<p style=\"padding-left: 30px;\"><strong>d- Moviment apartidista: Les iniciatives s\u00f3n d&#8217;inter\u00e8s ciutad\u00e0, neixen i s\u00f3n dirigides i liderades pels mateixos ciutadans sense vinculacions amb partit pol\u00edtic.<\/strong><\/p>\n<p style=\"padding-left: 30px;\"><strong>e-Pluralista: independentment de la difer\u00e8ncia d&#8217;opinions, s&#8217;accepten i reconeixen la diversitat de posicions sense que aquestes suposin cap fet per a la presentaci\u00f3 de projectes.<\/strong><\/p>\n<p style=\"padding-left: 30px;\"><strong>f- Incloent: no \u00e9s un espai tancat, tenen cabuda totes les pe<\/strong>r<strong>sones, agrupacions, associacions que vulguin participar sempre sota els criteris anteriorment indicats i segons les bases de participaci\u00f3, de forma altruista, amb l&#8217;objectiu d&#8217;aconseguir les millores desitjades<\/strong><\/p>\n<p><\/p>","protected":false},"excerpt":{"rendered":"<p>Objectiu L&#8217;objectiu principal \u00e9s el benefici de l&#8217;inter\u00e8s col\u00b7lectiu sent un projecte transparent i d&#8217;inter\u00e8s ciutad\u00e0 mitjan\u00e7ant la presentaci\u00f3 d&#8217;iniciatives d&#8217;acord amb les necessitats i realitat social existents. L&#8217;actual situaci\u00f3 del districte de CIUTAT VELLA exigeix \u200b\u200bque TOTS ens impliquem en aquest projecte per assolir l&#8217;objectiu proposat. En aquest sentit: a- Tant la direcci\u00f3 com&#8230; <\/p>\n","protected":false},"author":1,"featured_media":0,"parent":0,"menu_order":0,"comment_status":"closed","ping_status":"closed","template":"full-width.php","meta":{"footnotes":""},"class_list":["post-12","page","type-page","status-publish","hentry"],"_links":{"self":[{"href":"https:\/\/www.femciutatvella.com\/ca\/wp-json\/wp\/v2\/pages\/12","targetHints":{"allow":["GET"]}}],"collection":[{"href":"https:\/\/www.femciutatvella.com\/ca\/wp-json\/wp\/v2\/pages"}],"about":[{"href":"https:\/\/www.femciutatvella.com\/ca\/wp-json\/wp\/v2\/types\/page"}],"author":[{"embeddable":true,"href":"https:\/\/www.femciutatvella.com\/ca\/wp-json\/wp\/v2\/users\/1"}],"replies":[{"embeddable":true,"href":"https:\/\/www.femciutatvella.com\/ca\/wp-json\/wp\/v2\/comments?post=12"}],"version-history":[{"count":7,"href":"https:\/\/www.femciutatvella.com\/ca\/wp-json\/wp\/v2\/pages\/12\/revisions"}],"predecessor-version":[{"id":282,"href":"https:\/\/www.femciutatvella.com\/ca\/wp-json\/wp\/v2\/pages\/12\/revisions\/282"}],"wp:attachment":[{"href":"https:\/\/www.femciutatvella.com\/ca\/wp-json\/wp\/v2\/media?parent=12"}],"curies":[{"name":"wp","href":"https:\/\/api.w.org\/{rel}","templated":true}]}}

<p><strong><u>Objectiu</u></strong></p>
<p><strong>L&#8217;objectiu principal és el benefici de l&#8217;interès col·lectiu sent un projecte transparent i d&#8217;interès ciutadà mitjançant la presentació d&#8217;iniciatives d&#8217;acord amb les necessitats i realitat social existents.</strong></p>
<p><strong>L&#8217;actual situació del districte de CIUTAT VELLA exigeix ​​que TOTS ens impliquem en aquest projecte per assolir l&#8217;objectiu proposat.</strong></p>
<p><strong>En aquest sentit:</strong></p>
<p style="padding-left: 30px;"><strong>a- Tant la direcció com el contingut de les reivindicacions, exigències, sol·licituds i necessitats estaran recolzades per la persona o persones creadores de la mateixa i que procediran a la seva exposició, argumentari i explicació.</strong></p>
<p style="padding-left: 30px;"><strong>Aquesta acció pot ser duta a terme per membres de la plataforma prèvia comunicació per escrit de l&#8217;interessat i acceptació de la mateixa per part de la plataforma.</strong></p>
<p style="padding-left: 30px;"><strong>b- Tot plantejament presentat serà exigible a qui se li dirigeixin els projectes per entendre que és un dret que ha de ser atès.</strong></p>
<p style="padding-left: 30px;"><strong>c Transparència .: els projectes tindran la clara intenció d&#8217;afavorir els interessos de la ciutadania en general, no sent de consideració aquells projectes que busquin afavorir interessos particulars o que suposin un perjudici.</strong></p>
<p style="padding-left: 30px;"><strong>d- Moviment apartidista: Les iniciatives són d&#8217;interès ciutadà, neixen i són dirigides i liderades pels mateixos ciutadans sense vinculacions amb partit polític.</strong></p>
<p style="padding-left: 30px;"><strong>e-Pluralista: independentment de la diferència d&#8217;opinions, s&#8217;accepten i reconeixen la diversitat de posicions sense que aquestes suposin cap fet per a la presentació de projectes.</strong></p>
<p style="padding-left: 30px;"><strong>f- Incloent: no és un espai tancat, tenen cabuda totes les pe</strong>r<strong>sones, agrupacions, associacions que vulguin participar sempre sota els criteris anteriorment indicats i segons les bases de participació, de forma altruista, amb l&#8217;objectiu d&#8217;aconseguir les millores desitjades</strong></p>
<p></p>

<p>Objectiu L&#8217;objectiu principal és el benefici de l&#8217;interès col·lectiu sent un projecte transparent i d&#8217;interès ciutadà mitjançant la presentació d&#8217;iniciatives d&#8217;acord amb les necessitats i realitat social existents. L&#8217;actual situació del districte de CIUTAT VELLA exigeix ​​que TOTS ens impliquem en aquest projecte per assolir l&#8217;objectiu proposat. En aquest sentit: a- Tant la direcció com&#8230; </p>
